{"id":1631,"date":"2021-07-29T19:01:44","date_gmt":"2021-07-29T19:01:44","guid":{"rendered":"http:\/\/colonver.com\/?post_type=cpt_testimonials&#038;p=1631"},"modified":"2024-11-17T02:30:36","modified_gmt":"2024-11-17T02:30:36","slug":"madre-de-familia","status":"publish","type":"cpt_testimonials","link":"https:\/\/colon.mx\/index.php\/testimonials\/madre-de-familia\/","title":{"rendered":"Madre de familia"},"content":{"rendered":"<p>Ser mam\u00e1 de hijas Col\u00f3n ha sido una experiencia llena de <strong>orgullo<\/strong>. Desde el primer d\u00eda que llev\u00e9 a mis hijas al preescolar, sent\u00ed que pertenec\u00eda a una <strong>comunidad<\/strong> que fomenta lazos sinceros con otras familias.<br \/>\nVer a mis hijas contentas por convivir con sus compa\u00f1eros y aprender nuevas cosas me llena de <strong>felicidad<\/strong>. Estoy profundamente satisfecha con la formaci\u00f3n integral que han recibido bajo el <strong>carisma calasancio<\/strong>. Ser parte de esta comunidad es, sin duda, un privilegio.<\/p>\n","protected":false},"excerpt":{"rendered":"<p>Ser mam\u00e1 de hijas Col\u00f3n ha sido una experiencia llena de orgullo. Desde el primer d\u00eda que llev\u00e9 a mis hijas al preescolar, sent\u00ed que pertenec\u00eda a una comunidad que fomenta lazos sinceros con otras familias. Ver a mis hijas&hellip;<\/p>\n","protected":false},"author":1,"featured_media":1633,"template":"","class_list":["post-1631","cpt_testimonials","type-cpt_testimonials","status-publish","has-post-thumbnail","hentry"],"_links":{"self":[{"href":"https:\/\/colon.mx\/index.php\/wp-json\/wp\/v2\/cpt_testimonials\/1631","targetHints":{"allow":["GET"]}}],"collection":[{"href":"https:\/\/colon.mx\/index.php\/wp-json\/wp\/v2\/cpt_testimonials"}],"about":[{"href":"https:\/\/colon.mx\/index.php\/wp-json\/wp\/v2\/types\/cpt_testimonials"}],"author":[{"embeddable":true,"href":"https:\/\/colon.mx\/index.php\/wp-json\/wp\/v2\/users\/1"}],"wp:featuredmedia":[{"embeddable":true,"href":"https:\/\/colon.mx\/index.php\/wp-json\/wp\/v2\/media\/1633"}],"wp:attachment":[{"href":"https:\/\/colon.mx\/index.php\/wp-json\/wp\/v2\/media?parent=1631"}],"curies":[{"name":"wp","href":"https:\/\/api.w.org\/{rel}","templated":true}]}}

<p>Ser mamá de hijas Colón ha sido una experiencia llena de <strong>orgullo</strong>. Desde el primer día que llevé a mis hijas al preescolar, sentí que pertenecía a una <strong>comunidad</strong> que fomenta lazos sinceros con otras familias.<br />
Ver a mis hijas contentas por convivir con sus compañeros y aprender nuevas cosas me llena de <strong>felicidad</strong>. Estoy profundamente satisfecha con la formación integral que han recibido bajo el <strong>carisma calasancio</strong>. Ser parte de esta comunidad es, sin duda, un privilegio.</p>

<p>Ser mamá de hijas Colón ha sido una experiencia llena de orgullo. Desde el primer día que llevé a mis hijas al preescolar, sentí que pertenecía a una comunidad que fomenta lazos sinceros con otras familias. Ver a mis hijas&hellip;</p>
